{"id":1019,"date":"2023-08-26T03:36:37","date_gmt":"2023-08-26T03:36:37","guid":{"rendered":"https:\/\/wp.themerange.net\/oluro\/?page_id=25"},"modified":"2025-11-04T17:00:34","modified_gmt":"2025-11-04T17:00:34","slug":"faqs","status":"publish","type":"page","link":"https:\/\/hotelcandilejassrenity.com\/index.php\/faqs\/","title":{"rendered":"Faq&#8217;s"},"content":{"rendered":"\t\t<div data-elementor-type=\"wp-page\" data-elementor-id=\"1019\" class=\"elementor elementor-1019\" data-elementor-post-type=\"page\">\n\t\t\t\t\t\t<section class=\"elementor-section elementor-top-section elementor-element elementor-element-9c77b44 elementor-section-full_width elementor-section-height-default elementor-section-height-default\" data-id=\"9c77b44\" data-element_type=\"section\">\n\t\t\t\t\t\t<div class=\"elementor-container elementor-column-gap-default\">\n\t\t\t\t\t<div class=\"elementor-column elementor-col-100 elementor-top-column elementor-element elementor-element-828ae84\" data-id=\"828ae84\" data-element_type=\"column\">\n\t\t\t<div class=\"elementor-widget-wrap elementor-element-populated\">\n\t\t\t\t\t\t<div class=\"elementor-element elementor-element-bff3c42 elementor-widget elementor-widget-oluro_our_faqs\" data-id=\"bff3c42\" data-element_type=\"widget\" data-widget_type=\"oluro_our_faqs.default\">\n\t\t\t\t<div class=\"elementor-widget-container\">\n\t\t\t\t\t        \r\n    <!-- Faq Section -->\r\n    <section class=\"faq-section te-faq\">\r\n\t\t<div class=\"auto-container\">\r\n\t\t\t<div class=\"inner-container\">\r\n\t\t\t\t                <div class=\"sec-title centered\">\r\n                    <div class=\"title te-subtitle\">HOTEL CANDILEJAS SERENITY<\/div>                    <h2 class=\"tes-title\">Hotel faqs<\/h2>                <\/div>\r\n                \t\t\t\t\r\n\t\t\t\t<ul class=\"accordion-box style-two accordion-box-style2\">\r\n\t\t\t\t\t\r\n\t\t\t\t\t                    <!-- Block -->\r\n\t\t\t\t\t<li class=\"accordion-block\">\r\n\t\t\t\t\t\t<div class=\"accordion-block-title faq-title\">POLITICAS DE CANCELACION <div class=\"accordion-icon fa fa-angle-down\"><\/div><\/div>\r\n\t\t\t\t\t\t<div class=\"accordion-content\">\r\n\t\t\t\t\t\t\t<div class=\"bold-text faq-text\">Las cancelaciones realizadas con al menos 24 horas de anticipaci\u00f3n a la fecha de llegada no generan ning\u00fan cargo.\nSi la cancelaci\u00f3n se realiza con menos de 24 horas de anticipaci\u00f3n, se cobrar\u00e1. <\/div>\r\n\t\t\t\t\t\t\t<div class=\"text faq-text\"><\/div>\r\n\t\t\t\t\t\t<\/div>\r\n\t\t\t\t\t<\/li>\r\n                                        <!-- Block -->\r\n\t\t\t\t\t<li class=\"accordion-block\">\r\n\t\t\t\t\t\t<div class=\"accordion-block-title faq-title\">PARQUEADERO <div class=\"accordion-icon fa fa-angle-down\"><\/div><\/div>\r\n\t\t\t\t\t\t<div class=\"accordion-content\">\r\n\t\t\t\t\t\t\t<div class=\"bold-text faq-text\">Contamos con parqueadero gratuito para hu\u00e9spedes.\n <\/div>\r\n\t\t\t\t\t\t\t<div class=\"text faq-text\"><\/div>\r\n\t\t\t\t\t\t<\/div>\r\n\t\t\t\t\t<\/li>\r\n                                        <!-- Block -->\r\n\t\t\t\t\t<li class=\"accordion-block\">\r\n\t\t\t\t\t\t<div class=\"accordion-block-title faq-title\">NI\u00d1OS\/CAMAS EXTRAS <div class=\"accordion-icon fa fa-angle-down\"><\/div><\/div>\r\n\t\t\t\t\t\t<div class=\"accordion-content\">\r\n\t\t\t\t\t\t\t<div class=\"bold-text faq-text\">No disponemos de camas adicionales ni cunas.\nLos ni\u00f1os mayores pagan un recargo. <\/div>\r\n\t\t\t\t\t\t\t<div class=\"text faq-text\"><\/div>\r\n\t\t\t\t\t\t<\/div>\r\n\t\t\t\t\t<\/li>\r\n                                        <!-- Block -->\r\n\t\t\t\t\t<li class=\"accordion-block\">\r\n\t\t\t\t\t\t<div class=\"accordion-block-title faq-title\">RESERVACIONES EN GRUPO <div class=\"accordion-icon fa fa-angle-down\"><\/div><\/div>\r\n\t\t\t\t\t\t<div class=\"accordion-content\">\r\n\t\t\t\t\t\t\t<div class=\"bold-text faq-text\">Para reservas de grupos de m\u00e1s de 9 personas, por favor comun\u00edquese con nosotros directamente al tel\u00e9fono o WhatsApp del hotel.\nLas reservas de grupo est\u00e1n sujetas a disponibilidad y pol\u00edticas de cancelaci\u00f3n especiales. <\/div>\r\n\t\t\t\t\t\t\t<div class=\"text faq-text\"><\/div>\r\n\t\t\t\t\t\t<\/div>\r\n\t\t\t\t\t<\/li>\r\n                                        <!-- Block -->\r\n\t\t\t\t\t<li class=\"accordion-block\">\r\n\t\t\t\t\t\t<div class=\"accordion-block-title faq-title\">CAPACIDAD DE LAS HABITACIONES <div class=\"accordion-icon fa fa-angle-down\"><\/div><\/div>\r\n\t\t\t\t\t\t<div class=\"accordion-content\">\r\n\t\t\t\t\t\t\t<div class=\"bold-text faq-text\">Nuestras habitaciones cuentan con:\n\nCama doble,\n\nBa\u00f1o privado,\n\nAire acondicionado,\n\nTelevisor y cl\u00f3set. <\/div>\r\n\t\t\t\t\t\t\t<div class=\"text faq-text\"><\/div>\r\n\t\t\t\t\t\t<\/div>\r\n\t\t\t\t\t<\/li>\r\n                                        <!-- Block -->\r\n\t\t\t\t\t<li class=\"accordion-block\">\r\n\t\t\t\t\t\t<div class=\"accordion-block-title faq-title\">WI-FI <div class=\"accordion-icon fa fa-angle-down\"><\/div><\/div>\r\n\t\t\t\t\t\t<div class=\"accordion-content\">\r\n\t\t\t\t\t\t\t<div class=\"bold-text faq-text\">Ofrecemos conexi\u00f3n Wi-Fi gratuita en todas las habitaciones y \u00e1reas comunes.\nLa contrase\u00f1a se entrega al momento del registro (check-in). <\/div>\r\n\t\t\t\t\t\t\t<div class=\"text faq-text\"><\/div>\r\n\t\t\t\t\t\t<\/div>\r\n\t\t\t\t\t<\/li>\r\n                                        <!-- Block -->\r\n\t\t\t\t\t<li class=\"accordion-block\">\r\n\t\t\t\t\t\t<div class=\"accordion-block-title faq-title\">TRANSPORTE <div class=\"accordion-icon fa fa-angle-down\"><\/div><\/div>\r\n\t\t\t\t\t\t<div class=\"accordion-content\">\r\n\t\t\t\t\t\t\t<div class=\"bold-text faq-text\">Si necesita transporte desde o hacia el aeropuerto o terminal, podemos ayudarle a coordinar el servicio. <\/div>\r\n\t\t\t\t\t\t\t<div class=\"text faq-text\"><\/div>\r\n\t\t\t\t\t\t<\/div>\r\n\t\t\t\t\t<\/li>\r\n                    \t\t\t\t\t\r\n\t\t\t\t<\/ul>\r\n\t\t\t\t\r\n\t\t\t<\/div>\r\n\t\t<\/div>\r\n\t<\/section>\r\n\t<!-- End Faq Section -->\r\n\t        \r\n    \t\t\t\t<\/div>\n\t\t\t\t<\/div>\n\t\t\t\t\t<\/div>\n\t\t<\/div>\n\t\t\t\t\t<\/div>\n\t\t<\/section>\n\t\t\t\t<\/div>\n\t\t","protected":false},"excerpt":{"rendered":"<p>HOTEL CANDILEJAS SERENITY Hotel faqs POLITICAS DE CANCELACION Las cancelaciones realizadas con al menos 24 horas de anticipaci\u00f3n a la fecha de llegada no generan ning\u00fan cargo. Si la cancelaci\u00f3n se realiza con menos de 24 horas de anticipaci\u00f3n, se cobrar\u00e1. PARQUEADERO Contamos con parqueadero gratuito para hu\u00e9spedes. NI\u00d1OS\/CAMAS EXTRAS No disponemos de camas adicionales [&hellip;]<\/p>\n","protected":false},"author":1,"featured_media":0,"parent":0,"menu_order":0,"comment_status":"closed","ping_status":"closed","template":"tpl-default-elementor.php","meta":{"footnotes":""},"class_list":["post-1019","page","type-page","status-publish","hentry"],"_links":{"self":[{"href":"https:\/\/hotelcandilejassrenity.com\/index.php\/wp-json\/wp\/v2\/pages\/1019","targetHints":{"allow":["GET"]}}],"collection":[{"href":"https:\/\/hotelcandilejassrenity.com\/index.php\/wp-json\/wp\/v2\/pages"}],"about":[{"href":"https:\/\/hotelcandilejassrenity.com\/index.php\/wp-json\/wp\/v2\/types\/page"}],"author":[{"embeddable":true,"href":"https:\/\/hotelcandilejassrenity.com\/index.php\/wp-json\/wp\/v2\/users\/1"}],"replies":[{"embeddable":true,"href":"https:\/\/hotelcandilejassrenity.com\/index.php\/wp-json\/wp\/v2\/comments?post=1019"}],"version-history":[{"count":3,"href":"https:\/\/hotelcandilejassrenity.com\/index.php\/wp-json\/wp\/v2\/pages\/1019\/revisions"}],"predecessor-version":[{"id":1078,"href":"https:\/\/hotelcandilejassrenity.com\/index.php\/wp-json\/wp\/v2\/pages\/1019\/revisions\/1078"}],"wp:attachment":[{"href":"https:\/\/hotelcandilejassrenity.com\/index.php\/wp-json\/wp\/v2\/media?parent=1019"}],"curies":[{"name":"wp","href":"https:\/\/api.w.org\/{rel}","templated":true}]}}